(-3)/2. Calculate the highest common divisor of 280 and p.
10
Let q = 10 + 8. Let h(m) = 24*m - 174. Let d be h(8). Calculate the greatest common divisor of q and d.
18
Suppose t + 3*k + 2106 = 4*t, -3*t = -2*k - 2106. Calculate the highest common divisor of 108 and t.
54
Let d be 24/(-2)*(700/(-42) + 16). What is the highest common factor of 216 and d?
8
Let v be 64 + 9 + -6 - -7. Calculate the highest common divisor of v and 925.
37
Let z(y) = 4*y**2 - 6*y + 11. Let d be z(7). Let w(n) = -n**3 - 8*n**2 - 8*n + 8. Let f be w(-7). What is the highest common divisor of d and f?
15
Let q(v) = -71*v - 329. Let l be q(-6). Calculate the greatest common divisor of 1843 and l.
97
Suppose -2*p = -5*p. Let v be 6/4*2 - -246. Suppose 5*o + 5*h - 225 = 0, -5*o + 3*h + v - 24 = p. Calculate the highest common factor of o and 9.
9
Let q be (0/2 - -97)*(-2)/(-2). Suppose -10*z - q + 357 = 0. Calculate the greatest common factor of z and 26.
26
Suppose -5 = -t - 1, -4*t + 20 = k. Let g be 125/k - 45/(-60). Let c = 69 + 11. What is the greatest common divisor of c and g?
16
Let t = -1213 - -1276. What is the highest common divisor of t and 70?
7
Let v = -383 - -413. Let c = 0 - -6. Calculate the highest common factor of v and c.
6
Let v be ((-4992)/(-704))/((-4)/(-22)). Calculate the greatest common factor of v and 52.
13
Let j = -58 + 86. Let u be 490/j*(3 - 1)/1. What is the highest common divisor of 5 and u?
5
Suppose -7*h = -h - 42. Let s(t) = 38*t + 4. Let j be s(h). What is the greatest common factor of j and 27?
27
Let m = 1099 - 1001. What is the greatest common divisor of 154 and m?
14
Let a = -37 + 26. Let o = 14 + a. Suppose -o*y + 0*y + 297 = 0. Calculate the greatest common factor of 9 and y.
9
Suppose -3*k - 16 = -2*t + 2*k, -3*t + k = -11. Let i be -290*((-24)/10)/t. Calculate the greatest common divisor of 29 and i.
29
Suppose 0*r = 2*r - 4*v - 74, -2*v = -5*r + 193. What is the greatest common factor of r and 39?
39
Let x be -7 - -25 - (0 + -7). What is the highest common factor of x and 10?
5
Let k = -634 + 935. What is the highest common divisor of 129 and k?
43
Let i be 7 - (6 + -5 + -26). Calculate the highest common divisor of i and 240.
16
Let k be (0 - 3)/((-3)/55). Suppose -3*i + 151 - k = 4*l, 2*l - 3*i = 66. What is the highest common divisor of l and 3?
3
Suppose 2*x - 736 = -2*h, 5*x + 196 = h - 190. Calculate the greatest common divisor of h and 7.
7
Let h(k) = -14*k - 76. Let a be h(-8). Calculate the highest common divisor of a and 204.
12
Let s(w) = -w**2 - 52*w - 142. Let u be s(-23). Calculate the greatest common divisor of u and 375.
75
Suppose 2*m + m - 42 = 0. Let b(c) = 17*c + 10. Let l be b(6). Suppose 4*z - l = -0*z. Calculate the greatest common factor of m and z.
14
Suppose 3*z - 21 = -3*r + 39, 0 = -3*z + r + 76. Suppose 3*j = -2*h + z, h + 6 = -0*h + 3*j. Calculate the highest common divisor of 15 and h.
3
Let y(w) = -8*w + 362. Let j be y(28). What is the highest common divisor of j and 46?
46
Suppose -4*s = 3*y - 18, 7*y - 6*y + 2*s = 4. Let j = 44 - 64. Let q = j + 40. What is the highest common factor of q and y?
10
Suppose -25 = -5*f - 4*p - p, -7 = 4*f - 5*p. Suppose 0 = f*l - 4*j + 28, -j + 2 = 2*l + j. Let y = l - -5. What is the greatest common divisor of 1 and y?
1
Suppose 3*k - 130 = -4*h - 15, -3*h - 2*k + 86 = 0. Suppose v = 3*v + 26. Let p be 2/(-3)*(7 + v). Calculate the highest common factor of h and p.
4
Let h be ((-115)/(-25) + -1)*5. Calculate the greatest common divisor of 117 and h.
9
Let d be ((-10)/8)/(15/(-240)). Suppose 0 = 14*u - 12*u + 8, -z = -2*u - 28. Calculate the greatest common divisor of d and z.
20
Let f(i) = 4*i**2 + 6*i + 9. Let h be f(6). Suppose 4*m - 4 = -76. Let p = 3 - m. Calculate the greatest common factor of p and h.
21
Let p = -3 + 5. Suppose -5*z + p*u + 3*u + 2020 = 0, -406 = -z + 2*u. Let k = 591 - z. Calculate the highest common divisor of 21 and k.
21
Let g be 95/(-10) + (-1)/2. Let x = g + 13. Suppose -2*l - 56 = -x*l. Calculate the greatest common divisor of 7 and l.
7
Let m = -130 + 136. Suppose -3*a = 4*v - 218, -4*v + m*v + 5*a = 102. What is the greatest common divisor of v and 84?
28
Let g(i) = i**2 + 20*i - 2. Let p be g(-22). What is the greatest common divisor of 266 and p?
14
Let d = 104 - 52. Suppose 5*n - 4*b - d = 162, -b = n - 41. What is the greatest common factor of 105 and n?
21
Suppose 12*p - 4726 = -1210. Suppose -5*y + p = -37. Calculate the highest common divisor of 22 and y.
22
Let g = -9 - -18. Let n(i) = i - 1. Let r be n(12). Let z = r + g. What is the highest common divisor of z and 8?
4
Suppose -6*a = -102 - 360. Let b be (3 - (-3 + 5)) + a*1. What is the greatest common factor of 26 and b?
26
Let v be 26/(-143) - (-1773)/11. What is the highest common factor of v and 23?
23
Let y be ((-8)/6)/(10/(-390)). Calculate the greatest common factor of 65 and y.
13
Let q(o) = 5*o + 11 - 13 + 5 + 10*o**2. Let a be q(-2). What is the highest common factor of 22 and a?
11
Let h(r) = 25*r + 195. Let d be h(3). Calculate the greatest common divisor of 72 and d.
18
Let t(l) = -2*l**2 + 39*l + 6. Let i be t(14). What is the highest common factor of i and 10?
10
Let g = -2375 + 275. Let x = 765 + g. Let v be 4/14 + x/(-105). Calculate the greatest common divisor of v and 26.
13
Let f be (-91)/(-65) - (-2)/(-5). Let x be 4/(f*4/6). Suppose -3*u + 9 = -s, -u + 6*u + 4*s = -2. What is the highest common divisor of u and x?
2
Suppose 38*f + 4503 = 13965. Calculate the greatest common factor of 3 and f.
3
Suppose 3*s + 4*q - 129 = 323, 3*s + 3*q - 447 = 0. What is the greatest common factor of s and 648?
72
Suppose 2*x - 6*x = -324. Let b = 90 - 36. Calculate the highest common factor of x and b.
27
Let q be -3 + ((-1)/2)/(2/(-4)). Let m(i) = -i + 1. Let a be m(q). What is the greatest common factor of 3 and a?
3
Let u be ((-540)/(-8))/5*7*2. Calculate the highest common factor of 168 and u.
21
Let p = -297 + 332. What is the greatest common factor of p and 28?
7
Let g = -53 + 60. Suppose -g - 3 = -5*l. What is the highest common factor of l and 8?
2
Suppose -4*v - 16 = 0, -2*v = 4*h + 3*v - 844. Calculate the greatest common divisor of 27 and h.
27
Let k = 743 - 83. Suppose -15 = -2*o - 5. Suppose -o*n + k = n. Calculate the greatest common factor of n and 10.
10
Let v(t) = 2*t**3 + 7*t**2 - 7*t + 2. Let x be v(-4). Suppose -5*u + 191 = 4*d, 2*d + 2*u - 102 = 6*u. What is the greatest common divisor of x and d?
7
Let t(o) = o**2 - 12*o + 15. Let i be t(11). Suppose 3*l - i = 5. Let c be (-2)/2*-3 + 18. Calculate the greatest common factor of c and l.
3
Suppose 2*p - 212 = 3*a, -p - a = p - 212. Let o be 1/(p/(-36) + 3). Calculate the greatest common factor of o and 18.
18
Let i = 12 + -1. Suppose -5*n = -6*n + 7. Let w = 4 + n. Calculate the highest common factor of w and i.
11
Suppose 2*g = 3*g - 60. Let j be 1 + 4/4*19. Let t be 6/(-10) - (-252)/j. What is the highest common divisor of g and t?
12
Suppose -19*n + 3360 = -9*n. What is the greatest common divisor of 21 and n?
21
Let a = 526 + -226. Suppose 0 = 13*u - 16*u + a. Suppose c - 3*c = -u. What is the highest common divisor of c and 20?
10
Suppose 1297*a = 1290*a + 714. What is the highest common divisor of a and 12?
6
Suppose -u + 7 + 8 = 5*x, 0 = u + 3*x - 9. Suppose q + 7*y = 2*y + 17, u = -4*q - 3*y + 34. Calculate the highest common factor of q and 21.
7
Let r(h) = -91*h**3 + 7*h**2 + 5*h. Let q be r(-1). What is the greatest common divisor of 2511 and q?
93
Let s = -218 + 262. Calculate the greatest common divisor of s and 22.
22
Let z = 242 - 155. Calculate the highest common factor of 232 and z.
29
Let m be (-2 - 2)*1079/4. Let c = -716 - m. Calculate the greatest common factor of c and 33.
33
Let a be (1*4/12)/(2/162). What is the highest common divisor of a and 12?
3
Let b be 9 - (-192641)/190 - (-2)/20. Calculate the greatest common divisor of 99 and b.
33
Let l(q) = -q + 28. Let s be l(0). Let a = -13 - -10. Let v be a/2 + 17/2. What is the highest common factor of v and s?
7
Suppose -94 = -b + 6*b - 2*y, 3*b = y - 56. Let v be 3 + 6*b/(-4) + -2. Calculate the highest common divisor of v and 42.
14
Let g = 1 + 20. Let n(p) = -86*p - 251. Let f be n(-3). Calculate the highest commo